of 119306134?
1
What is the hundred thousands digit of 36515154?
5
What is the tens digit of 1396078401?
0
What is the hundred millions digit of 3977964550?
9
What is the millions digit of 333181823?
3
What is the ten thousands digit of 116978163?
7
What is the hundreds digit of 21092698?
6
What is the units digit of 225927662?
2
What is the tens digit of 638823926?
2
What is the hundreds digit of 5035151502?
5
What is the millions digit of 362438087?
2
What is the hundred thousands digit of 41919000?
9
What is the ten millions digit of 3149896183?
4
What is the hundred millions digit of 181710516?
1
What is the hundred thousands digit of 46612011?
6
What is the ten thousands digit of 2205205?
0
What is the tens digit of 50889458?
5
What is the hundred millions digit of 104589560?
1
What is the hundred millions digit of 2163081983?
1
What is the thousands digit of 572272641?
2
What is the hundreds digit of 26293366?
3
What is the ten thousands digit of 372427751?
2
What is the hundred millions digit of 308301195?
3
What is the hundreds digit of 196564150?
1
What is the tens digit of 3418581315?
1
What is the tens digit of 412398853?
5
What is the hundred millions digit of 280582159?
2
What is the units digit of 29884624?
4
What is the hundreds digit of 5531432988?
9
What is the hundred thousands digit of 976594496?
5
What is the hundred millions digit of 371190209?
3
What is the hundred millions digit of 154733027?
1
What is the units digit of 1026182515?
5
What is the hundred millions digit of 201133239?
2
What is the tens digit of 158972388?
8
What is the thousands digit of 43988817?
8
What is the thousands digit of 46620674?
0
What is the tens digit of 88493087?
8
What is the hundreds digit of 46305979?
9
What is the tens digit of 1238607219?
1
What is the millions digit of 2382508169?
2
What is the hundreds digit of 159613654?
6
What is the ten millions digit of 13852568?
1
What is the thousands digit of 2717816261?
6
What is the ten thousands digit of 167783570?
8
What is the tens digit of 75104521?
2
What is the hundreds digit of 958125856?
8
What is the hundreds digit of 27080726?
7
What is the ten millions digit of 41514351?
4
What is the hundreds digit of 297377656?
6
What is the hundred millions digit of 1387957450?
3
What is the units digit of 14537014?
4
What is the billions digit of 2678272385?
2
What is the ten thousands digit of 2032774501?
7
What is the tens digit of 282651761?
6
What is the units digit of 5447828?
8
What is the ten thousands digit of 320503919?
0
What is the tens digit of 1475490393?
9
What is the hundreds digit of 418636523?
5
What is the tens digit of 108315377?
7
What is the tens digit of 401125332?
3
What is the thousands digit of 160303280?
3
What is the ten thousands digit of 187937367?
3
What is the hundred millions digit of 232235052?
2
What is the hundred thousands digit of 8710500488?
5
What is the ten thousands digit of 255749048?
4
What is the thousands digit of 53478148?
8
What is the hundred thousands digit of 54333193?
3
What is the thousands digit of 4704928193?
8
What is the ten millions digit of 259765737?
5
What is the ten thousands digit of 138935097?
3
What is the thousands digit of 281142410?
2
What is the billions digit of 5662091863?
5
What is the tens digit of 20073879?
7
What is the ten thousands digit of 1658683548?
8
What is the hundred thousands digit of 1379136883?
1
What is the ten thousands digit of 3642674479?
7
What is the units digit of 97199010?
0
What is the hundreds digit of 70655662?
6
What is the ten thousands digit of 23087449?
8
What is the units digit of 42707868?
8
What is the millions digit of 182847878?
2
What is the thousands digit of 489904357?
4
What is the millions digit of 38849959?
8
What is the units digit of 2974340764?
4
What is the ten thousands digit of 19340132?
4
What is the billions digit of 4114842459?
4
What is the hundreds digit of 159727022?
0
What is the thousands digit of 65183999?
3
What is the hundred thousands digit of 439184944?
1
What is the hundred millions digit of 5018277068?
0
What is the units digit of 4276751807?
7
What is the thousands digit of 30598595?
8
What is the hundred millions digit of 1124308005?
1
What is the millions digit of 30140650?
0
What is the units digit of 8208236?
6
What is the units digit of 610400689?
9
What is the hundred thousands digit of 66927432?
9
What is the ten millions digit of 12908931?
1
What is the thousands digit of 134538488?
8
What is the billions digit of 1784940165?
1
What is the hundreds digit of 167154548?
5
What is the hundred thousands digit of 7538608238?
6
What is the hundreds digit of 277804488?
4
What is the ten thousands digit of 63585139?
8
What is the tens digit of 350686396?
9
What is the hundred millions digit of 1785764834?
7
What is the ten thousands digit of 3663147411?
4
What is the millions digit of 1816152047?
6
What is the hundred millions digit of 667391296?
6
What is the millions digit of 4156643813?
6
What is the ten thousands digit of 83204328?
0
What is the hundreds digit of 83758671?
6
What is the thousands digit of 20991245?
1
What is the hundreds digit of 483997611?
6
What is the billions digit of 1526821061?
1
What is the hundreds digit of 129071013?
0
What is the ten thousands digit of 4220390858?
9
What is the hundred thousands digit of 261042708?
0
What is the tens digit of 154091380?
8
What is the hundred thousands digit of 263625068?
6
What is the millions digit of 1332981767?
2
What is the hundred thousands digit of 49930434?
9
What is the hundred thousands digit of 308014492?
0
What is the ten millions digit of 377882465?
7
What is the hundreds digit of 79054129?
1
What is the hundred millions digit of 101903723?
1
What is the ten millions digit of 53119848?
5
What is the tens digit of 94560812?
1
What is the billions digit of 7255244383?
7
What is the hundred millions digit of 1150100187?
1
What is the millions digit of 956819891?
6
What is the hundred thousands digit of 217290579?
2
What is the ten thousands digit of 574605240?
0
What is the units digit of 380959032?
2
What is the hundreds digit of 4468736429?
4
What is the hundred millions digit of 136377257?
1
What is the tens digit of 342982091?
9
What is the ten millions digit of 99703729?
9
What is the hundred thousands digit of 446800539?
8
What is the units digit of 90075167?
7
What is the thousands digit of 152585369?
5
What is the units digit of 504868398?
8
What is the thousands digit of 2502075033?
5
What is the hundreds digit of 3093139214?
2
What is the millions digit of 130225219?
0
What is the units digit of 4087543792?
2
What is the hundred thousands digit of 22417255?
4
What is the units digit of 6261446205?
5
What is the tens digit of 765442323?
2
What is the units digit of 173094074?
4
What is the ten thousands digit of 31098967?
9
What is the ten millions digit of 133539036?
3
What is the ten millions digit of 10906843?
1
What is the millions digit of 78044911?
8
What is the hundred thousands digit of 997660922?
6
What is the ten millions digit of 43079165?
4
What is the hundred thousands digit of 89228695?
2
What is the ten millions digit of 71064882?
7
What is the millions digit of 110468369?
0
What is the units digit of 747836001?
1
What is the hundred thousands digit of 154164830?
1
What is the tens digit of 25149416?
1
What is the units digit of 1066577725?
5
What is the hundreds digit of 65624644?
6
What is the units digit of 52910809?
9
What is the millions digit of 42463879?
2
What is the ten millions digit of 576568212?
7
What is the tens digit of 1554755667?
6
What is the ten millions digit of 433214266?
3
What is the ten millions digit of 320164225?
2
What is the hundred thousands digit of 88088388?
0
What is the thousands digit of 3094851934?
1
What is the millions digit of 275667927?
5
What is the thousands digit of 688395469?
5
What is the units digit of 108308914?
4
What is the millions digit of 250313551?
0
What is the thousands digit of 85346400?
6
What is the hundred millions digit of 372964197?
3
What is the thousands digit of 2172865062?
5
What is the millions digit of 60820006?
0
What is the millions digit of 751058834?
1
What is the ten thousands digit of 124396